[INFO] cloning repository https://github.com/Rukenshia/dutrack-rs
[INFO] running `Command { std: "git" "-c" "credential.helper=" "-c" "credential.helper=/workspace/cargo-home/bin/git-credential-null" "clone" "--bare" "https://github.com/Rukenshia/dutrack-rs" "/workspace/cache/git-repos/https%3A%2F%2Fgithub.com%2FRukenshia%2Fdutrack-rs", kill_on_drop: false }`
[INFO] [stderr] Cloning into bare repository '/workspace/cache/git-repos/https%3A%2F%2Fgithub.com%2FRukenshia%2Fdutrack-rs'...
[INFO] running `Command { std: "git" "rev-parse" "HEAD", kill_on_drop: false }`
[INFO] [stdout] b50fd015e3c828caaf6150f05c3cea122be54393
[INFO] checking Rukenshia/dutrack-rs against master#af3c6e733a40e671550e0f0f5aeecaa13772ba56 for pr-74989
[INFO] running `Command { std: "git" "clone" "/workspace/cache/git-repos/https%3A%2F%2Fgithub.com%2FRukenshia%2Fdutrack-rs" "/workspace/builds/worker-7/source", kill_on_drop: false }`
[INFO] [stderr] Cloning into '/workspace/builds/worker-7/source'...
[INFO] [stderr] done.
[INFO] validating manifest of git repo https://github.com/Rukenshia/dutrack-rs on toolchain af3c6e733a40e671550e0f0f5aeecaa13772ba56
[INFO] running `Command { std: "/workspace/cargo-home/bin/cargo" "+af3c6e733a40e671550e0f0f5aeecaa13772ba56" "read-manifest" "--manifest-path" "Cargo.toml", kill_on_drop: false }`
[INFO] started tweaking git repo https://github.com/Rukenshia/dutrack-rs
[INFO] removed path dependency lib from git repo https://github.com/Rukenshia/dutrack-rs
[INFO] finished tweaking git repo https://github.com/Rukenshia/dutrack-rs
[INFO] tweaked toml for git repo https://github.com/Rukenshia/dutrack-rs written to /workspace/builds/worker-7/source/Cargo.toml
[INFO] crate git repo https://github.com/Rukenshia/dutrack-rs already has a lockfile, it will not be regenerated
[INFO] running `Command { std: "/workspace/cargo-home/bin/cargo" "+af3c6e733a40e671550e0f0f5aeecaa13772ba56" "fetch" "--locked" "--manifest-path" "Cargo.toml", kill_on_drop: false }`
[INFO] [stderr] warning: dependency (lib) specified without providing a local path, Git repository, or version to use. This will be considered an error in future versions
[INFO] [stderr]     Blocking waiting for file lock on package cache
[INFO] [stderr]     Updating crates.io index
[INFO] [stderr] error: the lock file /workspace/builds/worker-7/source/Cargo.lock needs to be updated but --locked was passed to prevent this
[INFO] [stderr] If you want to try to generate the lock file without accessing the network, use the --offline flag.
[INFO] the lockfile is outdated, regenerating it
[INFO] running `Command { std: "/workspace/cargo-home/bin/cargo" "+af3c6e733a40e671550e0f0f5aeecaa13772ba56" "generate-lockfile" "--manifest-path" "Cargo.toml" "-Zno-index-update", kill_on_drop: false }`
[INFO] [stderr]     Blocking waiting for file lock on package cache
[INFO] running `Command { std: "/workspace/cargo-home/bin/cargo" "+af3c6e733a40e671550e0f0f5aeecaa13772ba56" "fetch" "--locked" "--manifest-path" "Cargo.toml", kill_on_drop: false }`
[INFO] [stderr] warning: dependency (lib) specified without providing a local path, Git repository, or version to use. This will be considered an error in future versions
[INFO] [stderr]     Blocking waiting for file lock on package cache
[INFO] [stderr]     Blocking waiting for file lock on package cache
[INFO] running `Command { std: "docker" "create" "-v" "/var/lib/crater-agent-workspace/builds/worker-7/target:/opt/rustwide/target:rw,Z" "-v" "/var/lib/crater-agent-workspace/builds/worker-7/source:/opt/rustwide/workdir:ro,Z" "-v" "/var/lib/crater-agent-workspace/cargo-home:/opt/rustwide/cargo-home:ro,Z" "-v" "/var/lib/crater-agent-workspace/rustup-home:/opt/rustwide/rustup-home:ro,Z" "-e" "SOURCE_DIR=/opt/rustwide/workdir" "-e" "CARGO_TARGET_DIR=/opt/rustwide/target" "-e" "CARGO_HOME=/opt/rustwide/cargo-home" "-e" "RUSTUP_HOME=/opt/rustwide/rustup-home" "-w" "/opt/rustwide/workdir" "-m" "1610612736" "--user" "0:0" "--network" "none" "rustops/crates-build-env@sha256:d92eaeed33fa75130ca1ee6c8a01d1ffb62bac859dfdfb3450e3e5d1c0146529" "/opt/rustwide/cargo-home/bin/cargo" "+af3c6e733a40e671550e0f0f5aeecaa13772ba56" "metadata" "--no-deps" "--format-version=1", kill_on_drop: false }`
[INFO] [stdout] 6e8e4b1fad1e1f564904ca5ea360c273a6b1281c7944ccc9082d93d7d37307dd
[INFO] [stderr] WARNING: Your kernel does not support swap limit capabilities or the cgroup is not mounted. Memory limited without swap.
[INFO] running `Command { std: "docker" "start" "-a" "6e8e4b1fad1e1f564904ca5ea360c273a6b1281c7944ccc9082d93d7d37307dd", kill_on_drop: false }`
[INFO] running `Command { std: "docker" "inspect" "6e8e4b1fad1e1f564904ca5ea360c273a6b1281c7944ccc9082d93d7d37307dd", kill_on_drop: false }`
[INFO] running `Command { std: "docker" "rm" "-f" "6e8e4b1fad1e1f564904ca5ea360c273a6b1281c7944ccc9082d93d7d37307dd", kill_on_drop: false }`
[INFO] [stdout] 6e8e4b1fad1e1f564904ca5ea360c273a6b1281c7944ccc9082d93d7d37307dd
[INFO] running `Command { std: "docker" "create" "-v" "/var/lib/crater-agent-workspace/builds/worker-7/target:/opt/rustwide/target:rw,Z" "-v" "/var/lib/crater-agent-workspace/builds/worker-7/source:/opt/rustwide/workdir:ro,Z" "-v" "/var/lib/crater-agent-workspace/cargo-home:/opt/rustwide/cargo-home:ro,Z" "-v" "/var/lib/crater-agent-workspace/rustup-home:/opt/rustwide/rustup-home:ro,Z" "-e" "SOURCE_DIR=/opt/rustwide/workdir" "-e" "CARGO_TARGET_DIR=/opt/rustwide/target" "-e" "CARGO_INCREMENTAL=0" "-e" "RUST_BACKTRACE=full" "-e" "RUSTFLAGS=--cap-lints=forbid" "-e" "CARGO_HOME=/opt/rustwide/cargo-home" "-e" "RUSTUP_HOME=/opt/rustwide/rustup-home" "-w" "/opt/rustwide/workdir" "-m" "1610612736" "--user" "0:0" "--network" "none" "rustops/crates-build-env@sha256:d92eaeed33fa75130ca1ee6c8a01d1ffb62bac859dfdfb3450e3e5d1c0146529" "/opt/rustwide/cargo-home/bin/cargo" "+af3c6e733a40e671550e0f0f5aeecaa13772ba56" "check" "--frozen" "--all" "--all-targets" "--message-format=json", kill_on_drop: false }`
[INFO] [stdout] 3f77ec0e45eff081b501f613298edca2e993b3336e0aa311cb433cdad90ac631
[INFO] [stderr] WARNING: Your kernel does not support swap limit capabilities or the cgroup is not mounted. Memory limited without swap.
[INFO] running `Command { std: "docker" "start" "-a" "3f77ec0e45eff081b501f613298edca2e993b3336e0aa311cb433cdad90ac631", kill_on_drop: false }`
[INFO] [stderr] warning: dependency (lib) specified without providing a local path, Git repository, or version to use. This will be considered an error in future versions
[INFO] [stderr]    Compiling libc v0.2.77
[INFO] [stderr]    Compiling autocfg v1.0.1
[INFO] [stderr]    Compiling log v0.4.11
[INFO] [stderr]    Compiling unicode-xid v0.1.0
[INFO] [stderr]    Compiling winapi-build v0.1.1
[INFO] [stderr]    Compiling bitflags v1.2.1
[INFO] [stderr]    Compiling yansi v0.3.4
[INFO] [stderr]    Compiling syn v1.0.40
[INFO] [stderr]    Compiling winapi v0.2.8
[INFO] [stderr]    Compiling unicode-xid v0.0.4
[INFO] [stderr]    Compiling quote v0.3.15
[INFO] [stderr]    Compiling serde v0.9.15
[INFO] [stderr]    Compiling utf8-ranges v0.1.3
[INFO] [stderr]     Checking ucd-trie v0.1.3
[INFO] [stderr]    Compiling regex-syntax v0.3.9
[INFO] [stderr]    Compiling state v0.2.2
[INFO] [stderr]     Checking term v0.4.6
[INFO] [stderr]     Checking rustc-serialize v0.3.24
[INFO] [stderr]     Checking itoa v0.3.4
[INFO] [stderr]     Checking lib v0.0.2
[INFO] [stderr]    Compiling rocket v0.4.5
[INFO] [stderr]    Compiling term-painter v0.2.4
[INFO] [stderr]    Compiling synom v0.11.3
[INFO] [stderr]     Checking pest v2.1.3
[INFO] [stderr]    Compiling kernel32-sys v0.2.2
[INFO] [stderr]    Compiling rocket v0.2.11
[INFO] [stderr]    Compiling rocket_codegen v0.2.11
[INFO] [stderr]    Compiling byteorder v1.3.4
[INFO] [stderr]    Compiling proc-macro2 v0.4.30
[INFO] [stderr]     Checking idna v0.1.5
[INFO] [stderr]    Compiling syn v0.11.11
[INFO] [stderr]     Checking base64 v0.9.3
[INFO] [stderr]     Checking sha1 v0.1.1
[INFO] [stderr]     Checking toml v0.4.10
[INFO] [stderr]     Checking serde_json v1.0.57
[INFO] [stderr]     Checking log v0.3.9
[INFO] [stderr]    Compiling num-traits v0.2.12
[INFO] [stderr]    Compiling num-integer v0.1.43
[INFO] [stderr]    Compiling num-iter v0.1.41
[INFO] [stderr]    Compiling indexmap v1.6.0
[INFO] [stderr]    Compiling quote v0.6.13
[INFO] [stderr]     Checking url v1.7.2
[INFO] [stderr]     Checking mime v0.2.6
[INFO] [stderr]    Compiling syn v0.15.44
[INFO] [stderr]     Checking time v0.1.44
[INFO] [stderr]     Checking num_cpus v1.13.0
[INFO] [stderr]     Checking net2 v0.2.35
[INFO] [stderr]     Checking iovec v0.1.4
[INFO] [stderr]     Checking inotify-sys v0.1.3
[INFO] [stderr]     Checking thread-id v2.0.0
[INFO] [stderr]     Checking memchr v0.1.11
[INFO] [stderr]     Checking rand v0.4.6
[INFO] [stderr]     Checking atty v0.2.14
[INFO] [stderr]     Checking filetime v0.2.12
[INFO] [stderr]     Checking memchr v1.0.2
[INFO] [stderr]     Checking thread_local v0.2.7
[INFO] [stderr]     Checking inotify v0.7.1
[INFO] [stderr]    Compiling serde_codegen_internals v0.14.2
[INFO] [stderr]     Checking aho-corasick v0.5.3
[INFO] [stderr]     Checking mio v0.6.22
[INFO] [stderr]     Checking cookie v0.11.3
[INFO] [stderr]     Checking hyper v0.10.16
[INFO] [stderr]     Checking cookie v0.6.2
[INFO] [stderr]     Checking redis v0.5.4
[INFO] [stderr]     Checking rand v0.3.23
[INFO] [stderr]     Checking regex v0.1.80
[INFO] [stderr]     Checking uuid v0.4.0
[INFO] [stderr]     Checking num-traits v0.1.43
[INFO] [stderr]     Checking mio-extras v2.0.6
[INFO] [stderr]    Compiling pest_generator v2.1.3
[INFO] [stderr]     Checking serde_json v0.9.10
[INFO] [stderr]    Compiling serde_derive v0.9.15
[INFO] [stderr]     Checking notify v4.0.15
[INFO] [stderr]     Checking num v0.1.42
[INFO] [stderr]     Checking chrono v0.3.0
[INFO] [stderr]     Checking dotenv v0.8.0
[INFO] [stderr]     Checking diesel v0.12.1
[INFO] [stdout] error[E0432]: unresolved import `std::net::lookup_host`
[INFO] [stdout]  --> /opt/rustwide/cargo-home/registry/src/github.com-1ecc6299db9ec823/rocket-0.2.11/src/config/config.rs:2:24
[INFO] [stdout]   |
[INFO] [stdout] 2 | use std::net::{IpAddr, lookup_host};
[INFO] [stdout]   |                        ^^^^^^^^^^^ no `lookup_host` in `net`
[INFO] [stdout] 
[INFO] [stdout] 
[INFO] [stderr]    Compiling pest_derive v2.1.0
[INFO] [stdout] error[E0283]: type annotations needed
[INFO] [stdout]    --> /opt/rustwide/cargo-home/registry/src/github.com-1ecc6299db9ec823/rocket-0.2.11/src/http/header.rs:480:47
[INFO] [stdout]     |
[INFO] [stdout] 480 |                 Header::new(key.as_str(), val.borrow())
[INFO] [stdout]     |                                               ^^^^^^ cannot infer type for enum `Cow<'_, str>`
[INFO] [stdout]     |
[INFO] [stdout]     = note: cannot satisfy `Cow<'_, str>: Borrow<_>`
[INFO] [stdout] 
[INFO] [stdout] 
[INFO] [stdout] error[E0432]: unresolved import `std::net::lookup_host`
[INFO] [stdout]  --> /opt/rustwide/cargo-home/registry/src/github.com-1ecc6299db9ec823/rocket-0.2.11/src/config/config.rs:2:24
[INFO] [stdout]   |
[INFO] [stdout] 2 | use std::net::{IpAddr, lookup_host};
[INFO] [stdout]   |                        ^^^^^^^^^^^ no `lookup_host` in `net`
[INFO] [stdout] 
[INFO] [stdout] 
[INFO] [stdout] error: aborting due to 2 previous errors
[INFO] [stdout] 
[INFO] [stdout] 
[INFO] [stdout] Some errors have detailed explanations: E0283, E0432.
[INFO] [stdout] 
[INFO] [stdout] For more information about an error, try `rustc --explain E0283`.
[INFO] [stdout] 
[INFO] [stderr] error: could not compile `rocket`.
[INFO] [stderr] 
[INFO] [stderr] To learn more, run the command again with --verbose.
[INFO] [stderr] warning: build failed, waiting for other jobs to finish...
[INFO] [stdout] error[E0283]: type annotations needed
[INFO] [stdout]    --> /opt/rustwide/cargo-home/registry/src/github.com-1ecc6299db9ec823/rocket-0.2.11/src/http/header.rs:480:47
[INFO] [stdout]     |
[INFO] [stdout] 480 |                 Header::new(key.as_str(), val.borrow())
[INFO] [stdout]     |                                               ^^^^^^ cannot infer type for enum `Cow<'_, str>`
[INFO] [stdout]     |
[INFO] [stdout]     = note: cannot satisfy `Cow<'_, str>: Borrow<_>`
[INFO] [stdout] 
[INFO] [stdout] 
[INFO] [stdout] error: aborting due to 2 previous errors
[INFO] [stdout] 
[INFO] [stdout] 
[INFO] [stdout] Some errors have detailed explanations: E0283, E0432.
[INFO] [stdout] 
[INFO] [stdout] For more information about an error, try `rustc --explain E0283`.
[INFO] [stdout] 
[INFO] [stderr] error: build failed
[INFO] running `Command { std: "docker" "inspect" "3f77ec0e45eff081b501f613298edca2e993b3336e0aa311cb433cdad90ac631", kill_on_drop: false }`
[INFO] running `Command { std: "docker" "rm" "-f" "3f77ec0e45eff081b501f613298edca2e993b3336e0aa311cb433cdad90ac631", kill_on_drop: false }`
[INFO] [stdout] 3f77ec0e45eff081b501f613298edca2e993b3336e0aa311cb433cdad90ac631
